{"id":825,"date":"2025-04-13T17:06:37","date_gmt":"2025-04-13T15:06:37","guid":{"rendered":"https:\/\/icybear.200.solutions\/?page_id=825"},"modified":"2025-05-05T01:54:27","modified_gmt":"2025-05-04T23:54:27","slug":"domovska-stranka-nova","status":"publish","type":"page","link":"https:\/\/icybear.200.solutions\/","title":{"rendered":"Domovsk\u00e1 str\u00e1nka"},"content":{"rendered":"","protected":false},"excerpt":{"rendered":"","protected":false},"author":1,"featured_media":0,"parent":0,"menu_order":0,"comment_status":"closed","ping_status":"closed","template":"","meta":{"_acf_changed":false,"footnotes":"","_links_to":"","_links_to_target":""},"class_list":["post-825","page","type-page","status-publish","hentry"],"acf":[],"yoast_head":"<!-- This site is optimized with the Yoast SEO plugin v25.0 - https:\/\/yoast.com\/wordpress\/plugins\/seo\/ -->\n<title>Domovsk\u00e1 str\u00e1nka - IcyBear<\/title>\n<meta name=\"robots\" content=\"index, follow, max-snippet:-1, max-image-preview:large, max-video-preview:-1\" \/>\n<link rel=\"canonical\" href=\"https:\/\/icybear.200.solutions\/\" \/>\n<meta property=\"og:locale\" content=\"cs_CZ\" \/>\n<meta property=\"og:type\" content=\"article\" \/>\n<meta property=\"og:title\" content=\"Domovsk\u00e1 str\u00e1nka - IcyBear\" \/>\n<meta property=\"og:url\" content=\"https:\/\/icybear.200.solutions\/\" \/>\n<meta property=\"og:site_name\" content=\"IcyBear\" \/>\n<meta property=\"article:modified_time\" content=\"2025-05-04T23:54:27+00:00\" \/>\n<meta name=\"twitter:card\" content=\"summary_large_image\" \/>\n<meta name=\"twitter:label1\" content=\"Odhadovan\u00e1 doba \u010dten\u00ed\" \/>\n\t<meta name=\"twitter:data1\" content=\"16 minut\" \/>\n<script type=\"application\/ld+json\" class=\"yoast-schema-graph\">{\"@context\":\"https:\/\/schema.org\",\"@graph\":[{\"@type\":\"WebPage\",\"@id\":\"https:\/\/icybear.200.solutions\/\",\"url\":\"https:\/\/icybear.200.solutions\/\",\"name\":\"Domovsk\u00e1 str\u00e1nka - IcyBear\",\"isPartOf\":{\"@id\":\"https:\/\/icybear.200.solutions\/#website\"},\"datePublished\":\"2025-04-13T15:06:37+00:00\",\"dateModified\":\"2025-05-04T23:54:27+00:00\",\"breadcrumb\":{\"@id\":\"https:\/\/icybear.200.solutions\/#breadcrumb\"},\"inLanguage\":\"cs\",\"potentialAction\":[{\"@type\":\"ReadAction\",\"target\":[\"https:\/\/icybear.200.solutions\/\"]}]},{\"@type\":\"BreadcrumbList\",\"@id\":\"https:\/\/icybear.200.solutions\/#breadcrumb\",\"itemListElement\":[{\"@type\":\"ListItem\",\"position\":1,\"name\":\"Dom\u016f\",\"item\":\"https:\/\/icybear.200.solutions\/\"},{\"@type\":\"ListItem\",\"position\":2,\"name\":\"Domovsk\u00e1 str\u00e1nka\"}]},{\"@type\":\"WebSite\",\"@id\":\"https:\/\/icybear.200.solutions\/#website\",\"url\":\"https:\/\/icybear.200.solutions\/\",\"name\":\"IcyBear\",\"description\":\"Kybernetick\u00e1 bezpe\u010dnost jako slu\u017eba. Poji\u0161t\u011bn\u00ed v p\u0159\u00edpad\u011b vznikl\u00e9 \u0161kody.\",\"potentialAction\":[{\"@type\":\"SearchAction\",\"target\":{\"@type\":\"EntryPoint\",\"urlTemplate\":\"https:\/\/icybear.200.solutions\/?s={search_term_string}\"},\"query-input\":{\"@type\":\"PropertyValueSpecification\",\"valueRequired\":true,\"valueName\":\"search_term_string\"}}],\"inLanguage\":\"cs\"}]}<\/script>\n<!-- \/ Yoast SEO plugin. -->","yoast_head_json":{"title":"Domovsk\u00e1 str\u00e1nka - IcyBear","robots":{"index":"index","follow":"follow","max-snippet":"max-snippet:-1","max-image-preview":"max-image-preview:large","max-video-preview":"max-video-preview:-1"},"canonical":"https:\/\/icybear.200.solutions\/","og_locale":"cs_CZ","og_type":"article","og_title":"Domovsk\u00e1 str\u00e1nka - IcyBear","og_url":"https:\/\/icybear.200.solutions\/","og_site_name":"IcyBear","article_modified_time":"2025-05-04T23:54:27+00:00","twitter_card":"summary_large_image","twitter_misc":{"Odhadovan\u00e1 doba \u010dten\u00ed":"16 minut"},"schema":{"@context":"https:\/\/schema.org","@graph":[{"@type":"WebPage","@id":"https:\/\/icybear.200.solutions\/","url":"https:\/\/icybear.200.solutions\/","name":"Domovsk\u00e1 str\u00e1nka - IcyBear","isPartOf":{"@id":"https:\/\/icybear.200.solutions\/#website"},"datePublished":"2025-04-13T15:06:37+00:00","dateModified":"2025-05-04T23:54:27+00:00","breadcrumb":{"@id":"https:\/\/icybear.200.solutions\/#breadcrumb"},"inLanguage":"cs","potentialAction":[{"@type":"ReadAction","target":["https:\/\/icybear.200.solutions\/"]}]},{"@type":"BreadcrumbList","@id":"https:\/\/icybear.200.solutions\/#breadcrumb","itemListElement":[{"@type":"ListItem","position":1,"name":"Dom\u016f","item":"https:\/\/icybear.200.solutions\/"},{"@type":"ListItem","position":2,"name":"Domovsk\u00e1 str\u00e1nka"}]},{"@type":"WebSite","@id":"https:\/\/icybear.200.solutions\/#website","url":"https:\/\/icybear.200.solutions\/","name":"IcyBear","description":"Kybernetick\u00e1 bezpe\u010dnost jako slu\u017eba. Poji\u0161t\u011bn\u00ed v p\u0159\u00edpad\u011b vznikl\u00e9 \u0161kody.","potentialAction":[{"@type":"SearchAction","target":{"@type":"EntryPoint","urlTemplate":"https:\/\/icybear.200.solutions\/?s={search_term_string}"},"query-input":{"@type":"PropertyValueSpecification","valueRequired":true,"valueName":"search_term_string"}}],"inLanguage":"cs"}]}},"_links":{"self":[{"href":"https:\/\/icybear.200.solutions\/index.php?rest_route=\/wp\/v2\/pages\/825","targetHints":{"allow":["GET"]}}],"collection":[{"href":"https:\/\/icybear.200.solutions\/index.php?rest_route=\/wp\/v2\/pages"}],"about":[{"href":"https:\/\/icybear.200.solutions\/index.php?rest_route=\/wp\/v2\/types\/page"}],"author":[{"embeddable":true,"href":"https:\/\/icybear.200.solutions\/index.php?rest_route=\/wp\/v2\/users\/1"}],"replies":[{"embeddable":true,"href":"https:\/\/icybear.200.solutions\/index.php?rest_route=%2Fwp%2Fv2%2Fcomments&post=825"}],"version-history":[{"count":31,"href":"https:\/\/icybear.200.solutions\/index.php?rest_route=\/wp\/v2\/pages\/825\/revisions"}],"predecessor-version":[{"id":982,"href":"https:\/\/icybear.200.solutions\/index.php?rest_route=\/wp\/v2\/pages\/825\/revisions\/982"}],"wp:attachment":[{"href":"https:\/\/icybear.200.solutions\/index.php?rest_route=%2Fwp%2Fv2%2Fmedia&parent=825"}],"curies":[{"name":"wp","href":"https:\/\/api.w.org\/{rel}","templated":true}]}}